{"id":2,"date":"2025-08-28T09:20:29","date_gmt":"2025-08-28T09:20:29","guid":{"rendered":"http:\/\/puiseux.com\/?page_id=2"},"modified":"2025-08-28T10:47:05","modified_gmt":"2025-08-28T10:47:05","slug":"sample-page","status":"publish","type":"page","link":"https:\/\/puiseux.com\/","title":{"rendered":""},"content":{"rendered":"\n<h1 class=\"wp-block-heading has-text-align-center\">Cagnotte<\/h1>\n\n\n\n<h1 class=\"wp-block-heading has-text-align-center\">Voyage au Mexique pour Isabelle et Olivier<\/h1>\n\n\n\n<h1 class=\"wp-block-heading has-text-align-center\"><img fetchpriority=\"high\" decoding=\"async\" width=\"350\" height=\"485\" class=\"wp-image-13\" style=\"width: 350px;\" src=\"http:\/\/puiseux.com\/wp-content\/uploads\/2025\/08\/mexique-1.png\" alt=\"\" srcset=\"https:\/\/puiseux.com\/wp-content\/uploads\/2025\/08\/mexique-1.png 594w, https:\/\/puiseux.com\/wp-content\/uploads\/2025\/08\/mexique-1-217x300.png 217w\" sizes=\"(max-width: 350px) 100vw, 350px\" \/><\/h1>\n\n\n\n<p>Le 04\/10, Olivier et Isabelle se marient. Pour c\u00e9l\u00e9brer leur mariage, nous avons mis en place une cagnotte qui financera un voyage pour deux au Mexique, pays qu&#8217;ils ont tous les deux envie de d\u00e9couvrir.<\/p>\n\n\n\n<p>Pour \u00e9viter les frais de paiement des cagnottes en ligne, nous vous proposons de passer par des virements directs (sur l&#8217;<a href=\"https:\/\/machin.grotas.fr\/RIB.pdf\">IBAN li\u00e9 ici<\/a>). Alternativement, nous avons lanc\u00e9 une <a href=\"https:\/\/www.lepotcommun.fr\/pot\/0ssr37dr-mariage-isabelle-olivier\">cagnotte Le Pot Commun<\/a>. Dans le cas du virement, mettez des intitul\u00e9s explicites, que nous rattachions le virement \u00e0 la cagnotte !<\/p>\n\n\n\n<p><\/p>\n\n\n\n<p class=\"has-text-align-right\">On esp\u00e8re tous et toutes vous voir aux c\u00e9l\u00e9brations !<\/p>\n","protected":false},"excerpt":{"rendered":"<p>Cagnotte Voyage au Mexique pour Isabelle et Olivier Le 04\/10, Olivier et Isabelle se marient. Pour c\u00e9l\u00e9brer leur mariage, nous avons mis en place une cagnotte qui financera un voyage pour deux au Mexique, pays qu&#8217;ils ont tous les deux envie de d\u00e9couvrir. Pour \u00e9viter les frais de paiement des cagnottes en ligne, nous vous [&hellip;]<\/p>\n","protected":false},"author":1,"featured_media":0,"parent":0,"menu_order":0,"comment_status":"closed","ping_status":"open","template":"","meta":{"footnotes":""},"class_list":["post-2","page","type-page","status-publish","hentry"],"_links":{"self":[{"href":"https:\/\/puiseux.com\/index.php\/wp-json\/wp\/v2\/pages\/2","targetHints":{"allow":["GET"]}}],"collection":[{"href":"https:\/\/puiseux.com\/index.php\/wp-json\/wp\/v2\/pages"}],"about":[{"href":"https:\/\/puiseux.com\/index.php\/wp-json\/wp\/v2\/types\/page"}],"author":[{"embeddable":true,"href":"https:\/\/puiseux.com\/index.php\/wp-json\/wp\/v2\/users\/1"}],"replies":[{"embeddable":true,"href":"https:\/\/puiseux.com\/index.php\/wp-json\/wp\/v2\/comments?post=2"}],"version-history":[{"count":6,"href":"https:\/\/puiseux.com\/index.php\/wp-json\/wp\/v2\/pages\/2\/revisions"}],"predecessor-version":[{"id":23,"href":"https:\/\/puiseux.com\/index.php\/wp-json\/wp\/v2\/pages\/2\/revisions\/23"}],"wp:attachment":[{"href":"https:\/\/puiseux.com\/index.php\/wp-json\/wp\/v2\/media?parent=2"}],"curies":[{"name":"wp","href":"https:\/\/api.w.org\/{rel}","templated":true}]}}